der when 35 is divided by p?
11
Suppose -3*q = 2*g - 13 - 1, 5*g = 20. Let w(h) = 9*h**3 + 4*h**2 - 2*h - 2. Calculate the remainder when w(q) is divided by 28.
26
What is the remainder when 58 is divided by 9/(-2)*50/(-15)?
13
Let b = 50 + -38. Calculate the remainder when b is divided by 9.
3
Suppose 3*f = 4*y - 9*y + 362, -5*y - 550 = -5*f. Calculate the remainder when f is divided by 9.
6
Let g(p) = 37*p - 17. What is the remainder when g(5) is divided by 43?
39
Let y(w) = w**3 + 5*w**2 + 3*w - 4. Let z be y(-3). Suppose -3*t + 14 + 48 = -2*o, o = z. What is the remainder when t is divided by 13?
11
Suppose 4*c - 24 = f, f - 24 = -0*c - 4*c. Let n = 5 - 2. Calculate the remainder when c is divided by n.
0
Let o(q) = -1. Let b(l) = -l**2 + 10*l - 14. Let w(t) = b(t) - 5*o(t). Let g = 8 + -2. What is the remainder when 44 is divided by w(g)?
14
Let m = 49 + -27. Let t be (11 - 0)/(9/18). Suppose 43 = b - t. What is the remainder when b is divided by m?
21
Suppose k + 5 = 0, 0 = -0*q - q + 3*k + 33. What is the remainder when 12/3 + 46 - -2 is divided by q?
16
Let p = 114 + -79. Calculate the remainder when p is divided by 18.
17
Let i = -22 - -48. Let d(z) = -2*z - 4*z + 3 - z**2 - 4*z**3 + 3*z + 6*z**3. Calculate the remainder when i is divided by d(2).
8
Let v = 35 - 20. Let y = -1 - -6. Suppose -y = 5*p - v. Calculate the remainder when 2 is divided by p.
0
What is the remainder when -36*(2 + (-75)/20) is divided by 17?
12
Let g(r) = 4*r - 2. Let t be g(10). Let v = t + -16. What is the remainder when v is divided by 8?
6
Let m(n) = -n**3 + 3*n**2 + 5*n - 7. Calculate the remainder when 23 is divided by m(3).
7
Let x be 6 + -3 + -1 - 0. Suppose 0*h = x*h - 2. Suppose -h = -y + 9. What is the remainder when 18 is divided by y?
8
Let w(i) = -5*i - 9. Let o = 14 - 20. Suppose -24 - 9 = -3*h. Calculate the remainder when w(o) is divided by h.
10
Let q(v) be the third derivative of -v**6/120 - v**4/8 + v**3/3 + v**2. What is the remainder when q(-4) is divided by 20?
18
Let v = -20 + 48. Suppose -j + 3*j + 4 = -p, 0 = -5*p + 2*j + v. What is the remainder when 11 is divided by p?
3
Suppose j + 0*j - 2 = 0. Suppose 2*b + n - 10 = 0, -5*n + 3*n - 16 = -j*b. What is the remainder when 17 is divided by b?
5
Let d = -1 + 18. What is the remainder when d is divided by 10?
7
Let k = 1 + -1. Let l(j) = -j**2 - 11*j + 12. Let m be l(-11). Suppose m = o - k*o. Calculate the remainder when 34 is divided by o.
10
Suppose -9 = -3*s - 0. Suppose -s*r = 0, g + g - 2 = 2*r. Calculate the remainder when 7 is divided by g*(-9)/(-1*3).
1
Let f = -106 + 131. Let n(s) = -s**3 + 6*s**2 - 5*s + 1. Calculate the remainder when f is divided by n(4).
12
Let u be 2/(2*1/4). Suppose u*q + 18 = 6*q. Calculate the remainder when 43 is divided by q.
7
Suppose 4 = w - 4. Let u = -5 + w. Suppose u*t - t = 10. What is the remainder when 8 is divided by t?
3
Let r be (-15)/(-2)*8/5. Suppose 0 = -z + 7 + r. Calculate the remainder when 37 is divided by z.
18
Calculate the remainder when 62 is divided by (-2)/8 - (-387)/12.
30
Let w(k) = 3*k**2 - 4*k**2 - 8 + 8*k**2 - 4*k + k**3 + k**2. Suppose 9*a - 5*a - 72 = 0. Calculate the remainder when w(-7) is divided by a.
15
Let t be (237/6 + -1)*2. Suppose -t + 2 = -5*q. Suppose -3*y + 163 = 4*i, -4*i - y + 65 = -104. Calculate the remainder when i is divided by q.
13
Let p = 8 - -14. What is the remainder when 86 is divided by p?
20
Let s = 14 + -8. Let t be ((-4)/s)/(1/(-6)). Suppose r - 60 = -t*r. What is the remainder when 34 is divided by r?
10
Let y = -3 - -11. Suppose 4*f = y*f + 32. Let x = -6 - f. Calculate the remainder when 3 is divided by x.
1
Let a be 6*-1*(-4)/3. Let i = a - 5. Suppose y + 6 = i*y. What is the remainder when 8 is divided by y?
2
Suppose 4*g - 89 = -6*b + b, 5*b = 4*g - 39. Let s = 317 + -308. Calculate the remainder when g is divided by s.
7
What is the remainder when 6 + (-1 - (0 + -3)) - 3 is divided by 5?
0
Suppose -175 = -4*i + 9. Suppose 0*p - 152 = -4*p. Let k = -26 + p. What is the remainder when i is divided by k?
10
Let w(x) = x**2 - 6*x + 19. Calculate the remainder when 74 is divided by w(7).
22
Calculate the remainder when 15 is divided by (-272)/51*6/(-4).
7
Suppose -2 = -2*s + s. Let p(f) = f**3 - 3*f**2 + 3*f - 1. What is the remainder when (-3)/(-6) + (-5)/(-2) is divided by p(s)?
0
Let g(f) = -5*f - 4. Let h be g(-3). Suppose s + h = 35. Let a = -13 + s. What is the remainder when 32 is divided by a?
10
Suppose -g - 4 = 3*g + 5*t, 5*t - 4 = 4*g. Let l = 7 + g. Calculate the remainder when 8/1 + 0 + 2 is divided by l.
4
Let h be 8/28*7*1. Suppose h*n - n = 4. Calculate the remainder when n is divided by 2.
0
Suppose 4*c - 2*c = 2. What is the remainder when (-24)/(-10) + (-6)/15 is divided by c?
0
Calculate the remainder when 24 is divided by 10 - 4/8*-8.
10
Let f(h) = -32*h - 12. What is the remainder when f(-2) is divided by 20?
12
Let k(j) = 2*j**2 + 3*j - 2. Let v(t) = -4*t**2 - 6*t + 4. Let a(l) = -11*k(l) - 6*v(l). What is the remainder when a(4) is divided by 22?
20
Let l be -3 - (-1 + (0 - 0)). Let y = -3 - 1. Calculate the remainder when 18 is divided by (-2 - l/(-4))*y.
8
Calculate the remainder when 10 is divided by (8/(-3))/(10/(-15)).
2
Suppose 0 = 4*y - 12 - 8. What is the remainder when 17 is divided by y?
2
Let h(k) = 9*k**3 - k**2 + 1. Suppose 0 = 2*y - 5*y + 12. Suppose 2*w - y = -2. Calculate the remainder when 16 is divided by h(w).
7
Suppose 65 = 5*j - 5*a, 5*j = 8*j - a - 37. Calculate the remainder when 56 is divided by j.
8
Suppose 4*v = -50 - 2. Let k = v + 22. What is the remainder when k + 1 - (-3 - -2) is divided by 3?
2
Let j(x) be the second derivative of x**5/20 + 11*x**4/12 + 7*x**3/6 - x**2 + 3*x. Calculate the remainder when j(-10) is divided by 15.
13
Let d = 61 - 29. What is the remainder when d is divided by 17?
15
Suppose -3*k = 0, k = -5*n - 3*k + 190. What is the remainder when 112 is divided by n?
36
Suppose 0 - 5 = -y. Calculate the remainder when 17 is divided by y.
2
Suppose 0 = -0*f + 5*f + 150. Let s = 37 + f. Let r = -2 + 5. Calculate the remainder when s is divided by r.
1
Let x = 15 - 12. Suppose -m + 8 = w - 2*w, 5*m - 36 = x*w. Calculate the remainder when 1 - (-16 + (0 - 0)) is divided by m.
5
Let j be (-8)/6*(-15)/10. Let l = j - 0. What is the remainder when 35 is divided by l/6 + (-159)/(-9)?
17
Suppose -64 - 305 = -9*g. Let f = 1 + 13. What is the remainder when g is divided by f?
13
Let t = 73 - 44. Calculate the remainder when 171 is divided by t.
26
What is the remainder when 91 is divided by (-4)/22 + (686/(-11))/(-2)?
29
Let z = -20 - -31. Let c = -10 + 14. Suppose c*i + 128 = 8*i. Calculate the remainder when i is divided by z.
10
Let f(c) = -2*c + 19. Calculate the remainder when f(0) is divided by (2*1)/(6/21).
5
Let h(t) = -t**3 - t**2 + 3*t - 1. Let b be 20/(-15)*(1 + 2). What is the remainder when h(b) is divided by 12?
11
Suppose 0*a - 3*a = -27. Let v = -2 - -19. What is the remainder when v is divided by a?
8
Let r(i) = -2 - 3*i + i - 3*i. Suppose 0 = -3*s - 3, 0 = 3*f - 6*f + 4*s - 5. What is the remainder when 37 is divided by r(f)?
11
Let a(w) = -w. Let s be a(-8). Suppose o - 27 = -s. Calculate the remainder when o is divided by 2 + (-3 - -8) + 0.
5
Let l(d) = d. Let p(a) = 3*a - 1. Let z(t) = 6*l(t) - p(t). Let c be z(-1). Let q = 4 - c. Calculate the remainder when 10 is divided by q.
4
Let a be (1 - 3) + 0 - -2. Let q = 14 + a. Calculate the remainder when 26 is divided by q.
12
Let a(b) be the second derivative of -b**5/20 + b**4/2 - b**3/2 + 3*b**2 + 5*b. Let f(q) = -17*q - 3. What is the remainder when f(-2) is divided by a(5)?
15
Let k(y) = -6*y + 5. Let r(u) = -3*u + 3. Let b(i) = 2*k(i) - 5*r(i). What is the remainder when 30 is divided by b(7)?
14
Let h = -4 - -6. Calculate the remainder when (2 + 108/3)/h is divided by ((-2)/4)/(1/(-14)).
5
Let s(u) = u**2 - 2*u. Let l be s(2). Suppose 2*x = -l*x - 12. Let c(n) = -3*n + 3. What is the remainder when c(x) is divided by 11?
10
Suppose -2*q - 4 = k - 10, -2*k + 3 = q. Suppose -5*t = -10, q*t - t = m + 2. What is the remainder when 9 is divided by (-3)/m - 9/(-2)?
0
Let i(v) = v**2 + v - 8. Calculate the remainder when 95 is divided by i(7).
47
Let f(y) =